be (-3*(-2)/6)/(-1). Let s be (-3)/4*2*4. List the prime factors of 0/3 - k - s.
7
Suppose 10*a - 248 = 6*a. List the prime factors of a.
2, 31
Let n be (16/10)/((-4)/(-10)). Suppose 0 = -0*r + n*r - 24. What are the prime factors of r?
2, 3
Let i be (3 + -2)*(3 - -2). Suppose -4*x + 88 = -5*n + n, -i*x = n - 122. List the prime factors of x.
2, 3
Suppose -3 = 5*d - 73. List the prime factors of d.
2, 7
Let z(a) = -10*a - 21. Let w(m) = -2*m - 4. Let x(p) = -11*w(p) + 2*z(p). List the prime factors of x(4).
2, 5
Suppose x = -3*x + 120. What are the prime factors of x?
2, 3, 5
Let t(k) be the first derivative of k**3/3 + k - 4. What are the prime factors of t(-2)?
5
Let x(a) = -a - 1. Suppose 5*k + 5 + 15 = -5*m, -m + 3*k - 4 = 0. List the prime factors of x(m).
3
Let m(t) = -4*t - 8. Let i(n) = n + 1. Let a(b) = b**3 - 5*b**2 + 3*b + 5. Let d be a(4). Let g(f) = d*m(f) + 6*i(f). What are the prime factors of g(7)?
2, 3
Let s(q) = -15*q + 2. Let d be s(-5). What are the prime factors of (1 + d)*(-2)/(-3)?
2, 13
Let x be ((-42)/4)/((-6)/28). Let b = x - 33. What are the prime factors of b?
2
Let q = -49 + 79. List the prime factors of q.
2, 3, 5
Let r(m) = -2*m - 5. Let l be r(-4). Suppose -5*d - l*g = -51 - 10, -12 = -2*d + 5*g. List the prime factors of d.
11
Suppose -2*x - 845 = -3*n, 3*x + 2*x = -5. List the prime factors of n.
281
Let h = 38 + 12. List the prime factors of h.
2, 5
Let d(c) = 4*c**2 - 2*c + 6. List the prime factors of d(3).
2, 3
Suppose 3*k - 162 = 2*r - 2, -3*r - 105 = -2*k. What are the prime factors of k?
2, 3
Let l be 10/(-4) + 7/14. Let r be (-3)/(-3)*(16 + l). Suppose -2*v = u - r, 14 = u + u - 3*v. What are the prime factors of u?
2, 5
Let o(j) = j - 8. What are the prime factors of o(13)?
5
Suppose -3*d - 2*d = -15, 5*l + 2*d - 281 = 0. Suppose -3*n + 4*y = -33, -y + 2*y + l = 5*n. List the prime factors of n.
11
Suppose 2*k + 12 = -2*y + 7*k, 5*y = -4*k + 36. Let r(o) = o - 3. Let l be r(y). List the prime factors of (l/(1/(-10)))/(-1).
2, 5
Let t = -2 + 5. What are the prime factors of (-1)/(-2)*66/t?
11
Suppose -3*g + 0*i = -i - 123, 5*i = -g + 57. List the prime factors of g.
2, 3, 7
Let j(w) = w**3 - 7*w**2 + 3*w + 3. List the prime factors of j(7).
2, 3
Let v(f) = -f**2 + 14*f. What are the prime factors of v(13)?
13
Let y(i) be the third derivative of i**4/8 - i**3/6 + 2*i**2. List the prime factors of y(2).
5
Suppose 10 = d - 10. Let o be 2/(-10) + (-196)/d. Let y = o - -20. What are the prime factors of y?
2, 5
Let y be 9 + -2 - (-4)/(-2). Suppose -66 + 21 = -y*g. What are the prime factors of g?
3
Suppose d + 2*l - 85 = -0, 3 = 3*l. What are the prime factors of d?
83
Let t = 28 - 20. Let d = t + -9. What are the prime factors of 12 + d*(2 + -1)?
11
Suppose 0 = -0*j - j + 11. Suppose 20 + 15 = 5*s. Let q = j - s. List the prime factors of q.
2
List the prime factors of 4 - (-5 + 1 + -60).
2, 17
Let p be ((-1)/(-1) + -2)/((-9)/27). Let z = 85 + -39. List the prime factors of 4/6 + z/p.
2
Let o(d) = d**2 + 3*d - 2. Let l(f) = f**2 + 7*f + 6. Let v be l(-5). Let p be o(v). Suppose -p*z - 2 = -20. What are the prime factors of z?
3
Suppose -3*l + 3*q = -78, 5*l - q - 70 = 60. Suppose 2 + l = 4*z. What are the prime factors of z/(2 - 3/3)?
7
Suppose -16 = -d + 20. What are the prime factors of 1/3*(d - 3)?
11
Suppose 510 = 3*q + m - 68, -5*q + 974 = -m. What are the prime factors of q?
2, 97
Let p = 5 + -7. Let g(q) = -4*q**3 - 4*q**2 - 3*q - 2. List the prime factors of g(p).
2, 5
Let m(l) = l**2 + 11*l - 14. Let x be 112/24*3*-1. List the prime factors of m(x).
2, 7
Let o = -50 + 29. Let g = o - -31. List the prime factors of g.
2, 5
Suppose 6 = -4*u + 2. Let z be ((-1)/(-2) + u)*-8. Suppose -25 = -5*d, 2*d - 7*d = z*f - 61. What are the prime factors of f?
3
Let q be (-106)/6 - (-5)/(-15). Let x = 28 + q. List the prime factors of x.
2, 5
Let b = -4 + 7. Suppose -3*u + 34 = -5*t, -b*t = 3*u - t + 1. What are the prime factors of u?
3
Suppose -1 = -3*r - 7. Let k be (-7)/2 - (-4)/(-8). Let c = r - k. List the prime factors of c.
2
Let v(s) = -s**3 + 8*s**2 - 7*s + 6. List the prime factors of v(7).
2, 3
Let y(a) = 13*a**2 + 7*a - 1. What are the prime factors of y(3)?
137
List the prime factors of 1 + -2 + 3 + 169.
3, 19
List the prime factors of (-266)/(-6) - 10/30.
2, 11
Let q = -20 + 22. What are the prime factors of 1 - 2 - -31 - q?
2, 7
Suppose -4*n = o - 2*o - 150, 5*o + 10 = 0. List the prime factors of n.
37
Suppose -260 = -2*h - 11*h. List the prime factors of h.
2, 5
Let m be 4 + (-7 - -4) + 1. Suppose -m*b = -37 - 49. List the prime factors of b.
43
Suppose 4*c - 3*i = 284, 5*c = 5*i - 66 + 426. What are the prime factors of c?
2, 17
Let j(m) = -m**2 - 8*m - 9. Let l be j(-6). Suppose -2*a - l*a = 40. Let v(o) = o**2 + 6*o - 7. What are the prime factors of v(a)?
3
Let j(o) = 3*o - 4*o + 0*o - 3 + 3*o. Let f be j(6). Suppose w = 4*w - f. List the prime factors of w.
3
Let j(p) = 18*p**2 - p. What are the prime factors of j(-2)?
2, 37
Suppose 15 = 4*j - 3*z, 3*z - 11 = -2*j + 8*z. Let b = 12 - -3. Suppose -j = 4*f - b. What are the prime factors of f?
3
Let c = -7 + 2. Let i(j) = -j**2 - 3*j - 2. Let w be i(c). List the prime factors of (-16)/6*w/8.
2
Let z(t) = -t - 5. Suppose 2*u = -0*u - 14. Let r be -4 + 3 - (0 - u). What are the prime factors of z(r)?
3
Suppose -j + 7 = 2*w - 8, 4*w - 5*j - 37 = 0. List the prime factors of w.
2
List the prime factors of (-158)/(-3) - (11/3 - 4).
53
Suppose 3*d - 3*l = l - 10, -2*d + 5*l - 16 = 0. What are the prime factors of 4/(d/13 - 0)?
2, 13
What are the prime factors of 2/(-2)*(-6 - -1)?
5
Suppose 285 = -2*s - 3*s. Let f = 87 + s. List the prime factors of f.
2, 3, 5
Suppose 0 = -5*p - a + 25, 2*a = -2*a. Suppose -p*k - 4 = -34. What are the prime factors of k?
2, 3
Suppose 3*b - 5*p + 0*p = 206, -5*p = 3*b - 196. What are the prime factors of b?
67
Let s(k) = k**3 + 4*k**2 - 6*k - 5. Let g be s(-5). Let y(p) = -p**2 + 9*p - 7. Let a be y(8). What are the prime factors of 10 - g - (a - 2)?
11
Let f(j) be the first derivative of -2 - 5/2*j**2 + 2/3*j**3 - 7*j. List the prime factors of f(5).
2, 3
Suppose -5*l = -16 - 19. Suppose z = -2*u + 20, 5*u - 2*z + l*z = 40. List the prime factors of u.
2, 3
Let n = 9 - 22. Let m(o) = -o - 11. Let j be m(n). What are the prime factors of 5/j*(-4)/(-5)?
2
Let y(j) = -j**3 + 5*j**2 - 5*j + 4. Let m be y(3). Let p = m + -7. Suppose -4*t + 2*t + 6 = p. List the prime factors of t.
3
Suppose 3*f - f - 70 = 0. Let g = -11 + f. What are the prime factors of g?
2, 3
Let d be (-1)/(-3)*6/2. Let c(z) = 50*z**3 - z**2 + 2*z - 1. Let s be c(d). Let m = s - 34. List the prime factors of m.
2
Let a = 5 - 9. Suppose 4*j + 150 = 10*j. Let f = j + a. What are the prime factors of f?
3, 7
Suppose 5*c = -1 - 4. Let w(g) = -26*g. What are the prime factors of w(c)?
2, 13
Let h be (-91)/28 + (-2)/(-8). Let l = -6 - h. List the prime factors of 4/6 - 28/l.
2, 5
List the prime factors of 31 - ((-35)/(-5) - 2).
2, 13
Suppose 3*p + 5*y = 9, -3*y + 23 = -4*p + 2*y. Let w = p - -9. List the prime factors of w.
7
Let z(p) = 51*p**2 + p. Let g be z(1). Suppose -k - 3*v = 2*v - 30, -2*k - 2*v + g = 0. List the prime factors of k.
5
Let m(b) be the third derivative of b**7/1680 - b**6/80 - b**5/15 - 4*b**2. Let r(s) be the third derivative of m(s). What are the prime factors of r(7)?
2, 3
Let t = 672 - 430. What are the prime factors of t?
2, 11
Let a = -11 + 7. List the prime factors of a*(315/12)/(-5).
3, 7
Let w(c) = -c**2 + 8*c + 2. Let q be w(7). What are the prime factors of (q - 11) + 26 + -1?
23
Let v be (-6)/(-12)*0/(-2). Suppose 2*h - 6*h + 60 = v. What are the prime factors of h?
3, 5
Let k = 548 - 315. What are the prime factors of k?
233
Suppose -2*m - 2*o = 14, -2*m = -5*m + o - 21. Let z = -4 - m. Suppose -z*n + 4 = -41. What are the prime factors of n?
3, 5
Let f(k) = 3*k**2 - k - 1. Let v be f(-1). Suppose 4*t - 39 = 4*g - 7, -5*t + 32 = -3*g. Suppose t*r - v*r - 7 = 0. What are the prime factors of r?
7
Let x = 215 - 134. Suppose u - 63 = 4*j, 5*j = -u + 3*u - x. List the prime factors of (j - (3 + -2))/(-2).
2
Let w be (-304)/3*(-2 + 5). List the prime factors of w/(-14) - 22/(-77).
2, 11
Let u = 9 + -5. Suppose 0 = g + u*